{"id":4846,"date":"2020-11-04T10:17:26","date_gmt":"2020-11-04T10:17:26","guid":{"rendered":"https:\/\/casadapraia.org\/?page_id=4846"},"modified":"2022-09-27T15:27:29","modified_gmt":"2022-09-27T15:27:29","slug":"home-1-2","status":"publish","type":"page","link":"https:\/\/casadapraia.org\/?page_id=4846","title":{"rendered":""},"content":{"rendered":"\t\t<div data-elementor-type=\"wp-post\" data-elementor-id=\"4846\" class=\"elementor elementor-4846\">\n\t\t\t\t\t\t<div class=\"elementor-inner\">\n\t\t\t\t<div class=\"elementor-section-wrap\">\n\t\t\t\t\t\t\t\t\t<section class=\"elementor-section elementor-top-section elementor-element elementor-element-983333d elementor-section-boxed elementor-section-height-default elementor-section-height-default\" data-id=\"983333d\" data-element_type=\"section\">\n\t\t\t\t\t\t<div class=\"elementor-container elementor-column-gap-default\">\n\t\t\t\t\t\t\t<div class=\"elementor-row\">\n\t\t\t\t\t<div class=\"elementor-column elementor-col-100 elementor-top-column elementor-element elementor-element-e0d8a23 column-style-top column-top\" data-id=\"e0d8a23\" data-element_type=\"column\" data-settings=\"{&quot;background_background&quot;:&quot;classic&quot;}\">\n\t\t\t<div class=\"elementor-column-wrap elementor-element-populated\">\n\t\t\t\t\t\t\t<div class=\"elementor-widget-wrap\">\n\t\t\t\t\t\t<div class=\"elementor-element elementor-element-073cf03 elementor-widget elementor-widget-heading\" data-id=\"073cf03\" data-element_type=\"widget\" data-widget_type=\"heading.default\">\n\t\t\t\t<div class=\"elementor-widget-container\">\n\t\t\t<h2 class=\"elementor-heading-title elementor-size-default\">Hist\u00f3ria<\/h2>\t\t<\/div>\n\t\t\t\t<\/div>\n\t\t\t\t\t\t<\/div>\n\t\t\t\t\t<\/div>\n\t\t<\/div>\n\t\t\t\t\t\t\t\t<\/div>\n\t\t\t\t\t<\/div>\n\t\t<\/section>\n\t\t\t\t<section class=\"elementor-section elementor-top-section elementor-element elementor-element-5b8f690 elementor-section-boxed elementor-section-height-default elementor-section-height-default\" data-id=\"5b8f690\" data-element_type=\"section\">\n\t\t\t\t\t\t<div class=\"elementor-container elementor-column-gap-default\">\n\t\t\t\t\t\t\t<div class=\"elementor-row\">\n\t\t\t\t\t<div class=\"elementor-column elementor-col-50 elementor-top-column elementor-element elementor-element-9ceacd8 column-style-top column-top\" data-id=\"9ceacd8\" data-element_type=\"column\">\n\t\t\t<div class=\"elementor-column-wrap elementor-element-populated\">\n\t\t\t\t\t\t\t<div class=\"elementor-widget-wrap\">\n\t\t\t\t\t\t<div class=\"elementor-element elementor-element-9d885cd elementor-widget elementor-widget-image\" data-id=\"9d885cd\" data-element_type=\"widget\" data-widget_type=\"image.default\">\n\t\t\t\t<div class=\"elementor-widget-container\">\n\t\t\t\t\t\t\t\t<div class=\"elementor-image\">\n\t\t\t\t\t\t\t\t\t\t\t\t<img width=\"180\" height=\"180\" src=\"https:\/\/casadapraia.org\/wp-content\/uploads\/2020\/11\/joao_santos_caPra-180x180.jpg\" class=\"attachment-thumbnail size-thumbnail\" alt=\"\" loading=\"lazy\" srcset=\"https:\/\/casadapraia.org\/wp-content\/uploads\/2020\/11\/joao_santos_caPra-180x180.jpg 180w, https:\/\/casadapraia.org\/wp-content\/uploads\/2020\/11\/joao_santos_caPra-300x300.jpg 300w, https:\/\/casadapraia.org\/wp-content\/uploads\/2020\/11\/joao_santos_caPra-100x100.jpg 100w\" sizes=\"(max-width: 180px) 100vw, 180px\" \/>\t\t\t\t\t\t\t\t\t\t\t\t\t\t<\/div>\n\t\t\t\t\t\t<\/div>\n\t\t\t\t<\/div>\n\t\t\t\t<div class=\"elementor-element elementor-element-dd6591f elementor-widget-divider--view-line elementor-widget elementor-widget-divider\" data-id=\"dd6591f\" data-element_type=\"widget\" data-widget_type=\"divider.default\">\n\t\t\t\t<div class=\"elementor-widget-container\">\n\t\t\t\t\t<div class=\"elementor-divider\">\n\t\t\t<span class=\"elementor-divider-separator\">\n\t\t\t\t\t\t<\/span>\n\t\t<\/div>\n\t\t\t\t<\/div>\n\t\t\t\t<\/div>\n\t\t\t\t<div class=\"elementor-element elementor-element-5b9be80 elementor-widget elementor-widget-image\" data-id=\"5b9be80\" data-element_type=\"widget\" data-widget_type=\"image.default\">\n\t\t\t\t<div class=\"elementor-widget-container\">\n\t\t\t\t\t\t\t\t<div class=\"elementor-image\">\n\t\t\t\t\t\t\t\t\t\t\t\t<img width=\"180\" height=\"180\" src=\"https:\/\/casadapraia.org\/wp-content\/uploads\/2020\/11\/joao-dos-santos-e28093-capa-da-nota-biog-180x180.jpg\" class=\"attachment-thumbnail size-thumbnail\" alt=\"\" loading=\"lazy\" srcset=\"https:\/\/casadapraia.org\/wp-content\/uploads\/2020\/11\/joao-dos-santos-e28093-capa-da-nota-biog-180x180.jpg 180w, https:\/\/casadapraia.org\/wp-content\/uploads\/2020\/11\/joao-dos-santos-e28093-capa-da-nota-biog-300x300.jpg 300w, https:\/\/casadapraia.org\/wp-content\/uploads\/2020\/11\/joao-dos-santos-e28093-capa-da-nota-biog-100x100.jpg 100w\" sizes=\"(max-width: 180px) 100vw, 180px\" \/>\t\t\t\t\t\t\t\t\t\t\t\t\t\t<\/div>\n\t\t\t\t\t\t<\/div>\n\t\t\t\t<\/div>\n\t\t\t\t\t\t<\/div>\n\t\t\t\t\t<\/div>\n\t\t<\/div>\n\t\t\t\t<div class=\"elementor-column elementor-col-50 elementor-top-column elementor-element elementor-element-c1b2760 column-style-top column-top\" data-id=\"c1b2760\" data-element_type=\"column\">\n\t\t\t<div class=\"elementor-column-wrap elementor-element-populated\">\n\t\t\t\t\t\t\t<div class=\"elementor-widget-wrap\">\n\t\t\t\t\t\t<section class=\"elementor-section elementor-inner-section elementor-element elementor-element-211cbbc elementor-section-boxed elementor-section-height-default elementor-section-height-default\" data-id=\"211cbbc\" data-element_type=\"section\">\n\t\t\t\t\t\t<div class=\"elementor-container elementor-column-gap-default\">\n\t\t\t\t\t\t\t<div class=\"elementor-row\">\n\t\t\t\t\t<div class=\"elementor-column elementor-col-50 elementor-inner-column elementor-element elementor-element-fb7cfbb column-style-top column-top\" data-id=\"fb7cfbb\" data-element_type=\"column\">\n\t\t\t<div class=\"elementor-column-wrap elementor-element-populated\">\n\t\t\t\t\t\t\t<div class=\"elementor-widget-wrap\">\n\t\t\t\t\t\t<div class=\"elementor-element elementor-element-0e04065 elementor-widget elementor-widget-text-editor\" data-id=\"0e04065\" data-element_type=\"widget\" data-widget_type=\"text-editor.default\">\n\t\t\t\t<div class=\"elementor-widget-container\">\n\t\t\t\t\t\t\t\t<div class=\"elementor-text-editor elementor-clearfix\">\n\t\t\t\t<p>A Casa da Praia foi o \u00faltimo servi\u00e7o do Centro de Sa\u00fade Mental e Infantil de Lisboa, criado pelo Doutor Jo\u00e3o dos Santos, em 1975.<\/p><p>No Centro de Sa\u00fade Mental Infantil e Juvenil muitas crian\u00e7as eram atendidas numa cl\u00ednica infantil que funcionava no espa\u00e7o do Hospital J\u00falio de Matos. Jo\u00e3o dos Santos constata que muitas das crian\u00e7as n\u00e3o apresentavam problem\u00e1ticas que justificassem um acompanhamento em meio hospitalar, muito menos em Hospital Psiqui\u00e1trico de Adultos. Dentro desta justificativa, impulsiona a cria\u00e7\u00e3o de um servi\u00e7o que melhor pudesse responder \u00e0s necessidades das crian\u00e7as, num modelo de atendimento pr\u00f3ximo da Comunidade e aut\u00f3nomo dos Hospitais Centrais \u2013 A Casa da Praia. \u00c9 Jo\u00e3o dos Santos que, com uma equipa multidisciplinar,\u00a0 dirige este novo servi\u00e7o at\u00e9 \u00e0 data da sua aposenta\u00e7\u00e3o (1982) e, posteriormente (1982 a 1987), em conjunto com Teresa Ferreira, entretanto nomeada chefe de equipa.<\/p>\t\t\t\t\t<\/div>\n\t\t\t\t\t\t<\/div>\n\t\t\t\t<\/div>\n\t\t\t\t\t\t<\/div>\n\t\t\t\t\t<\/div>\n\t\t<\/div>\n\t\t\t\t<div class=\"elementor-column elementor-col-50 elementor-inner-column elementor-element elementor-element-5ca8230 column-style-top column-top\" data-id=\"5ca8230\" data-element_type=\"column\">\n\t\t\t<div class=\"elementor-column-wrap elementor-element-populated\">\n\t\t\t\t\t\t\t<div class=\"elementor-widget-wrap\">\n\t\t\t\t\t\t<div class=\"elementor-element elementor-element-de57418 elementor-widget elementor-widget-text-editor\" data-id=\"de57418\" data-element_type=\"widget\" data-widget_type=\"text-editor.default\">\n\t\t\t\t<div class=\"elementor-widget-container\">\n\t\t\t\t\t\t\t\t<div class=\"elementor-text-editor elementor-clearfix\">\n\t\t\t\t<p>Jo\u00e3o dos Santos\u00a0verifica que uma parte significativa das queixas das crian\u00e7as, apresentadas pela fam\u00edlia nas consultas, eram as dificuldades escolares, associadas ou n\u00e3o a outros sintomas. Atento a este facto, sendo um conhecedor e estudioso dos movimentos de inova\u00e7\u00e3o pedag\u00f3gica, considera que atrav\u00e9s dos recursos da pedagogia se poderia intervir em crian\u00e7as com determinadas caracter\u00edsticas, embora sob orienta\u00e7\u00e3o terap\u00eautica, metodologia que designou por\u00a0Pedagogia Terap\u00eautica.\u00a0\u00c9 esta metodologia que marcou e marca a identidade da Casa da Praia.\u00a0Jo\u00e3o dos Santos alerta para a import\u00e2ncia do trabalho com as fam\u00edlias, professores e outros t\u00e9cnicos da comunidade.<\/p><p>A Casa da Praia fez parte do Centro de Sa\u00fade Mental Infantil e Juvenil de Lisboa , entre 1975 e 1992, data em que foi extinta com a reestrutura\u00e7\u00e3o dos servi\u00e7os de Sa\u00fade Mental\u00a0 pelo Dec. Lei n\u00ba. 127\/92.<\/p>\t\t\t\t\t<\/div>\n\t\t\t\t\t\t<\/div>\n\t\t\t\t<\/div>\n\t\t\t\t\t\t<\/div>\n\t\t\t\t\t<\/div>\n\t\t<\/div>\n\t\t\t\t\t\t\t\t<\/div>\n\t\t\t\t\t<\/div>\n\t\t<\/section>\n\t\t\t\t\t\t<\/div>\n\t\t\t\t\t<\/div>\n\t\t<\/div>\n\t\t\t\t\t\t\t\t<\/div>\n\t\t\t\t\t<\/div>\n\t\t<\/section>\n\t\t\t\t<section class=\"elementor-section elementor-top-section elementor-element elementor-element-2669164 elementor-section-boxed elementor-section-height-default elementor-section-height-default\" data-id=\"2669164\" data-element_type=\"section\">\n\t\t\t\t\t\t<div class=\"elementor-container elementor-column-gap-default\">\n\t\t\t\t\t\t\t<div class=\"elementor-row\">\n\t\t\t\t\t<div class=\"elementor-column elementor-col-50 elementor-top-column elementor-element elementor-element-6383153 column-style-top column-top\" data-id=\"6383153\" data-element_type=\"column\">\n\t\t\t<div class=\"elementor-column-wrap elementor-element-populated\">\n\t\t\t\t\t\t\t<div class=\"elementor-widget-wrap\">\n\t\t\t\t\t\t<section class=\"elementor-section elementor-inner-section elementor-element elementor-element-1cd48ee elementor-section-boxed elementor-section-height-default elementor-section-height-default\" data-id=\"1cd48ee\" data-element_type=\"section\">\n\t\t\t\t\t\t<div class=\"elementor-container elementor-column-gap-default\">\n\t\t\t\t\t\t\t<div class=\"elementor-row\">\n\t\t\t\t\t<div class=\"elementor-column elementor-col-50 elementor-inner-column elementor-element elementor-element-10986dc column-style-top column-top\" data-id=\"10986dc\" data-element_type=\"column\">\n\t\t\t<div class=\"elementor-column-wrap elementor-element-populated\">\n\t\t\t\t\t\t\t<div class=\"elementor-widget-wrap\">\n\t\t\t\t\t\t<div class=\"elementor-element elementor-element-f274a87 elementor-widget elementor-widget-text-editor\" data-id=\"f274a87\" data-element_type=\"widget\" data-widget_type=\"text-editor.default\">\n\t\t\t\t<div class=\"elementor-widget-container\">\n\t\t\t\t\t\t\t\t<div class=\"elementor-text-editor elementor-clearfix\">\n\t\t\t\t<p class=\"font_8\">Entretanto, por iniciativa de um grupo de disc\u00edpulos e colegas de Jo\u00e3o dos Santos, constitu\u00edra-se uma\u00a0 Associa\u00e7\u00e3o, sem fins lucrativos e reconhecida de utilidade p\u00fablica, com o prop\u00f3sito de evitar o encerramento deste servi\u00e7o e dar continuidade \u00e0 sua obra. A Associa\u00e7\u00e3o veio\u00a0 posteriormente (1993) a ser declarada como\u00a0Institui\u00e7\u00e3o Particular de Solidariedade Social\u00a0(IPSS), sob a designa\u00e7\u00e3o de\u00a0\u00a0Centro Doutor Jo\u00e3o dos Santos \u2013 Casa da Praia.<\/p><p class=\"font_8\">\u00c9 o Minist\u00e9rio do Trabalho e Solidariedade Social que passa a ser a sua principal entidade financiadora, contando tamb\u00e9m com o apoio da C\u00e2mara Municipal de Lisboa (ced\u00eancia de instala\u00e7\u00f5es) e do Minist\u00e9rio de Educa\u00e7\u00e3o (protocolo de colabora\u00e7\u00e3o).<\/p><p>Foi essencial \u00e0 sobreviv\u00eancia da Casa da Praia o contributo volunt\u00e1rio de t\u00e9cnicos de diferentes \u00e1reas: sa\u00fade, educa\u00e7\u00e3o, a\u00e7\u00e3o social e jur\u00eddica, entre outros.<\/p>\t\t\t\t\t<\/div>\n\t\t\t\t\t\t<\/div>\n\t\t\t\t<\/div>\n\t\t\t\t\t\t<\/div>\n\t\t\t\t\t<\/div>\n\t\t<\/div>\n\t\t\t\t<div class=\"elementor-column elementor-col-50 elementor-inner-column elementor-element elementor-element-709390f column-style-top column-top\" data-id=\"709390f\" data-element_type=\"column\">\n\t\t\t<div class=\"elementor-column-wrap elementor-element-populated\">\n\t\t\t\t\t\t\t<div class=\"elementor-widget-wrap\">\n\t\t\t\t\t\t<div class=\"elementor-element elementor-element-403b68c elementor-widget elementor-widget-text-editor\" data-id=\"403b68c\" data-element_type=\"widget\" data-widget_type=\"text-editor.default\">\n\t\t\t\t<div class=\"elementor-widget-container\">\n\t\t\t\t\t\t\t\t<div class=\"elementor-text-editor elementor-clearfix\">\n\t\t\t\t<p class=\"font_8\">Importa referir, tamb\u00e9m, o apoio por parte de algumas institui\u00e7\u00f5es, nomeadamente,\u00a0 Santa Casa da Miseric\u00f3rdia de Lisboa (SCML), o Governo Civil de Lisboa, a Junta de Freguesia de Alc\u00e2ntara, o Departamento de Pedopsiquiatria do Hospital Dona Estef\u00e2nia, o Banco Alimentar Contra a Fome, o Projeto de Apoio \u00e0 Fam\u00edlia e \u00e0 Crian\u00e7a (PAFAC), o Col\u00e9gio de S\u00e3o Jo\u00e3o de Brito e a Cooperativa a Torre.<\/p><p class=\"font_8\">A Casa da Praia p\u00f4de, assim, continuar a ser um centro de recursos, de di\u00e1logo e de forma\u00e7\u00e3o, sobretudo para a comunidade envolvente bem como um servi\u00e7o de refer\u00eancia nas \u00e1reas da educa\u00e7\u00e3o e da sa\u00fade mental. O projeto que inspira e dinamiza esta institui\u00e7\u00e3o mant\u00e9m vivas as concep\u00e7\u00f5es de Jo\u00e3o dos Santos, no ideal de interven\u00e7\u00e3o c\u00edvica de qualidade, em favor da crian\u00e7a e da fam\u00edlia.<\/p>\t\t\t\t\t<\/div>\n\t\t\t\t\t\t<\/div>\n\t\t\t\t<\/div>\n\t\t\t\t\t\t<\/div>\n\t\t\t\t\t<\/div>\n\t\t<\/div>\n\t\t\t\t\t\t\t\t<\/div>\n\t\t\t\t\t<\/div>\n\t\t<\/section>\n\t\t\t\t\t\t<\/div>\n\t\t\t\t\t<\/div>\n\t\t<\/div>\n\t\t\t\t<div class=\"elementor-column elementor-col-50 elementor-top-column elementor-element elementor-element-42f1f80 column-style-top column-top\" data-id=\"42f1f80\" data-element_type=\"column\">\n\t\t\t<div class=\"elementor-column-wrap elementor-element-populated\">\n\t\t\t\t\t\t\t<div class=\"elementor-widget-wrap\">\n\t\t\t\t\t\t<div class=\"elementor-element elementor-element-2f01b1b elementor-widget elementor-widget-image\" data-id=\"2f01b1b\" data-element_type=\"widget\" data-widget_type=\"image.default\">\n\t\t\t\t<div class=\"elementor-widget-container\">\n\t\t\t\t\t\t\t\t<div class=\"elementor-image\">\n\t\t\t\t\t\t\t\t\t\t\t\t<img width=\"180\" height=\"180\" src=\"https:\/\/casadapraia.org\/wp-content\/uploads\/2020\/11\/joa\u0303o_dos_santos_foto-180x180.jpg\" class=\"attachment-thumbnail size-thumbnail\" alt=\"\" loading=\"lazy\" srcset=\"https:\/\/casadapraia.org\/wp-content\/uploads\/2020\/11\/joa\u0303o_dos_santos_foto-180x180.jpg 180w, https:\/\/casadapraia.org\/wp-content\/uploads\/2020\/11\/joa\u0303o_dos_santos_foto-100x100.jpg 100w\" sizes=\"(max-width: 180px) 100vw, 180px\" \/>\t\t\t\t\t\t\t\t\t\t\t\t\t\t<\/div>\n\t\t\t\t\t\t<\/div>\n\t\t\t\t<\/div>\n\t\t\t\t<div class=\"elementor-element elementor-element-89d9bbb elementor-widget-divider--view-line elementor-widget elementor-widget-divider\" data-id=\"89d9bbb\" data-element_type=\"widget\" data-widget_type=\"divider.default\">\n\t\t\t\t<div class=\"elementor-widget-container\">\n\t\t\t\t\t<div class=\"elementor-divider\">\n\t\t\t<span class=\"elementor-divider-separator\">\n\t\t\t\t\t\t<\/span>\n\t\t<\/div>\n\t\t\t\t<\/div>\n\t\t\t\t<\/div>\n\t\t\t\t<div class=\"elementor-element elementor-element-fd01aee elementor-widget elementor-widget-image\" data-id=\"fd01aee\" data-element_type=\"widget\" data-widget_type=\"image.default\">\n\t\t\t\t<div class=\"elementor-widget-container\">\n\t\t\t\t\t\t\t\t<div class=\"elementor-image\">\n\t\t\t\t\t\t\t\t\t\t\t\t<img width=\"800\" height=\"534\" src=\"https:\/\/casadapraia.org\/wp-content\/uploads\/2020\/11\/DSC6266-1024x683.jpg\" class=\"attachment-large size-large\" alt=\"\" loading=\"lazy\" srcset=\"https:\/\/casadapraia.org\/wp-content\/uploads\/2020\/11\/DSC6266-1024x683.jpg 1024w, https:\/\/casadapraia.org\/wp-content\/uploads\/2020\/11\/DSC6266-scaled-600x400.jpg 600w, https:\/\/casadapraia.org\/wp-content\/uploads\/2020\/11\/DSC6266-768x512.jpg 768w, https:\/\/casadapraia.org\/wp-content\/uploads\/2020\/11\/DSC6266-1536x1024.jpg 1536w, https:\/\/casadapraia.org\/wp-content\/uploads\/2020\/11\/DSC6266-2048x1365.jpg 2048w, https:\/\/casadapraia.org\/wp-content\/uploads\/2020\/11\/DSC6266-750x500.jpg 750w\" sizes=\"(max-width: 800px) 100vw, 800px\" \/>\t\t\t\t\t\t\t\t\t\t\t\t\t\t<\/div>\n\t\t\t\t\t\t<\/div>\n\t\t\t\t<\/div>\n\t\t\t\t\t\t<\/div>\n\t\t\t\t\t<\/div>\n\t\t<\/div>\n\t\t\t\t\t\t\t\t<\/div>\n\t\t\t\t\t<\/div>\n\t\t<\/section>\n\t\t\t\t<section class=\"elementor-section elementor-top-section elementor-element elementor-element-905474e elementor-section-boxed elementor-section-height-default elementor-section-height-default\" data-id=\"905474e\" data-element_type=\"section\">\n\t\t\t\t\t\t<div class=\"elementor-container elementor-column-gap-default\">\n\t\t\t\t\t\t\t<div class=\"elementor-row\">\n\t\t\t\t\t<div class=\"elementor-column elementor-col-100 elementor-top-column elementor-element elementor-element-7a78c42 column-style-top column-top\" data-id=\"7a78c42\" data-element_type=\"column\" data-settings=\"{&quot;background_background&quot;:&quot;classic&quot;}\">\n\t\t\t<div class=\"elementor-column-wrap elementor-element-populated\">\n\t\t\t\t\t\t\t<div class=\"elementor-widget-wrap\">\n\t\t\t\t\t\t<div class=\"elementor-element elementor-element-9a67f2b elementor-widget-divider--separator-type-pattern elementor-widget-divider--view-line elementor-widget elementor-widget-divider\" data-id=\"9a67f2b\" data-element_type=\"widget\" data-widget_type=\"divider.default\">\n\t\t\t\t<div class=\"elementor-widget-container\">\n\t\t\t\t\t<div class=\"elementor-divider\" style=\"--divider-pattern-url: url(&quot;data:image\/svg+xml,%3Csvg xmlns=&#039;http:\/\/www.w3.org\/2000\/svg&#039; preserveAspectRatio=&#039;none&#039; overflow=&#039;visible&#039; height=&#039;100%&#039; viewBox=&#039;0 0 24 24&#039; fill=&#039;none&#039; stroke=&#039;black&#039; stroke-width=&#039;1&#039; stroke-linecap=&#039;square&#039; stroke-miterlimit=&#039;10&#039;%3E%3Cpath d=&#039;M0,6c6,0,0.9,11.1,6.9,11.1S18,6,24,6&#039;\/%3E%3C\/svg%3E&quot;);\">\n\t\t\t<span class=\"elementor-divider-separator\">\n\t\t\t\t\t\t<\/span>\n\t\t<\/div>\n\t\t\t\t<\/div>\n\t\t\t\t<\/div>\n\t\t\t\t\t\t<\/div>\n\t\t\t\t\t<\/div>\n\t\t<\/div>\n\t\t\t\t\t\t\t\t<\/div>\n\t\t\t\t\t<\/div>\n\t\t<\/section>\n\t\t\t\t<section class=\"elementor-section elementor-top-section elementor-element elementor-element-3defdf6 elementor-section-boxed elementor-section-height-default elementor-section-height-default\" data-id=\"3defdf6\" data-element_type=\"section\">\n\t\t\t\t\t\t<div class=\"elementor-container elementor-column-gap-default\">\n\t\t\t\t\t\t\t<div class=\"elementor-row\">\n\t\t\t\t\t<div class=\"elementor-column elementor-col-100 elementor-top-column elementor-element elementor-element-4eb1e7d column-style-top column-top\" data-id=\"4eb1e7d\" data-element_type=\"column\">\n\t\t\t<div class=\"elementor-column-wrap elementor-element-populated\">\n\t\t\t\t\t\t\t<div class=\"elementor-widget-wrap\">\n\t\t\t\t\t\t<div class=\"elementor-element elementor-element-7dbf911 elementor-widget elementor-widget-heading\" data-id=\"7dbf911\" data-element_type=\"widget\" data-widget_type=\"heading.default\">\n\t\t\t\t<div class=\"elementor-widget-container\">\n\t\t\t<h2 class=\"elementor-heading-title elementor-size-default\">Objetivos<\/h2>\t\t<\/div>\n\t\t\t\t<\/div>\n\t\t\t\t\t\t<\/div>\n\t\t\t\t\t<\/div>\n\t\t<\/div>\n\t\t\t\t\t\t\t\t<\/div>\n\t\t\t\t\t<\/div>\n\t\t<\/section>\n\t\t\t\t<section class=\"elementor-section elementor-top-section elementor-element elementor-element-f82ba5e elementor-section-boxed elementor-section-height-default elementor-section-height-default\" data-id=\"f82ba5e\" data-element_type=\"section\">\n\t\t\t\t\t\t<div class=\"elementor-container elementor-column-gap-default\">\n\t\t\t\t\t\t\t<div class=\"elementor-row\">\n\t\t\t\t\t<div class=\"elementor-column elementor-col-100 elementor-top-column elementor-element elementor-element-308b48f column-style-top column-top\" data-id=\"308b48f\" data-element_type=\"column\">\n\t\t\t<div class=\"elementor-column-wrap elementor-element-populated\">\n\t\t\t\t\t\t\t<div class=\"elementor-widget-wrap\">\n\t\t\t\t\t\t<section class=\"elementor-section elementor-inner-section elementor-element elementor-element-3188ee0 elementor-section-boxed elementor-section-height-default elementor-section-height-default\" data-id=\"3188ee0\" data-element_type=\"section\">\n\t\t\t\t\t\t<div class=\"elementor-container elementor-column-gap-default\">\n\t\t\t\t\t\t\t<div class=\"elementor-row\">\n\t\t\t\t\t<div class=\"elementor-column elementor-col-50 elementor-inner-column elementor-element elementor-element-cfb13d3 column-style-top column-top\" data-id=\"cfb13d3\" data-element_type=\"column\">\n\t\t\t<div class=\"elementor-column-wrap elementor-element-populated\">\n\t\t\t\t\t\t\t<div class=\"elementor-widget-wrap\">\n\t\t\t\t\t\t<div class=\"elementor-element elementor-element-5a203fc elementor-widget elementor-widget-image\" data-id=\"5a203fc\" data-element_type=\"widget\" data-widget_type=\"image.default\">\n\t\t\t\t<div class=\"elementor-widget-container\">\n\t\t\t\t\t\t\t\t<div class=\"elementor-image\">\n\t\t\t\t\t\t\t\t\t\t\t\t<img width=\"1200\" height=\"800\" src=\"https:\/\/casadapraia.org\/wp-content\/uploads\/2021\/03\/DSC2366.jpg\" class=\"attachment-1536x1536 size-1536x1536\" alt=\"\" loading=\"lazy\" srcset=\"https:\/\/casadapraia.org\/wp-content\/uploads\/2021\/03\/DSC2366.jpg 1200w, https:\/\/casadapraia.org\/wp-content\/uploads\/2021\/03\/DSC2366-600x400.jpg 600w, https:\/\/casadapraia.org\/wp-content\/uploads\/2021\/03\/DSC2366-1024x683.jpg 1024w, https:\/\/casadapraia.org\/wp-content\/uploads\/2021\/03\/DSC2366-768x512.jpg 768w, https:\/\/casadapraia.org\/wp-content\/uploads\/2021\/03\/DSC2366-750x500.jpg 750w\" sizes=\"(max-width: 1200px) 100vw, 1200px\" \/>\t\t\t\t\t\t\t\t\t\t\t\t\t\t<\/div>\n\t\t\t\t\t\t<\/div>\n\t\t\t\t<\/div>\n\t\t\t\t\t\t<\/div>\n\t\t\t\t\t<\/div>\n\t\t<\/div>\n\t\t\t\t<div class=\"elementor-column elementor-col-50 elementor-inner-column elementor-element elementor-element-6eca832 column-style-top column-top\" data-id=\"6eca832\" data-element_type=\"column\">\n\t\t\t<div class=\"elementor-column-wrap elementor-element-populated\">\n\t\t\t\t\t\t\t<div class=\"elementor-widget-wrap\">\n\t\t\t\t\t\t<div class=\"elementor-element elementor-element-c04536c elementor-widget elementor-widget-text-editor\" data-id=\"c04536c\" data-element_type=\"widget\" data-widget_type=\"text-editor.default\">\n\t\t\t\t<div class=\"elementor-widget-container\">\n\t\t\t\t\t\t\t\t<div class=\"elementor-text-editor elementor-clearfix\">\n\t\t\t\t<ol>\n<li>Proporcionar \u00e0s fam\u00edlias, respostas promotoras do fortalecimento da sua din\u00e2mica de funcionamento e do seu potencial de bem-estar f\u00edsico, psicol\u00f3gico e social;<\/li>\n<li class=\"font_8\">Intervir nas crian\u00e7as que se encontram em situa\u00e7\u00e3o de risco, com problem\u00e1ticas do foro emocional e comportamental, suscet\u00edveis de evoluir para quadros de evidente exclus\u00e3o (social, familiar, escolar e pessoal), consequente a perturba\u00e7\u00e3o ou disfun\u00e7\u00e3o psicopatol\u00f3gica;<\/li>\n<li class=\"font_8\">Cooperar e articular com as diferentes entidades e profissionais implicados no trabalho com as fam\u00edlias e suas crian\u00e7as, no sentido de facilitar uma maior qualidade e celeridade de resposta, mantendo uma vis\u00e3o hol\u00edstica do sistema familiar.&nbsp;<\/li>\n<\/ol>\t\t\t\t\t<\/div>\n\t\t\t\t\t\t<\/div>\n\t\t\t\t<\/div>\n\t\t\t\t\t\t<\/div>\n\t\t\t\t\t<\/div>\n\t\t<\/div>\n\t\t\t\t\t\t\t\t<\/div>\n\t\t\t\t\t<\/div>\n\t\t<\/section>\n\t\t\t\t\t\t<\/div>\n\t\t\t\t\t<\/div>\n\t\t<\/div>\n\t\t\t\t\t\t\t\t<\/div>\n\t\t\t\t\t<\/div>\n\t\t<\/section>\n\t\t\t\t\t\t\t\t\t<\/div>\n\t\t\t<\/div>\n\t\t\t\t\t<\/div>\n\t\t","protected":false},"excerpt":{"rendered":"<p>Hist\u00f3ria A Casa da Praia foi o \u00faltimo servi\u00e7o do Centro de Sa\u00fade Mental e Infantil de Lisboa, criado pelo Doutor Jo\u00e3o dos Santos, em 1975. No Centro de Sa\u00fade Mental Infantil e Juvenil muitas crian\u00e7as eram atendidas numa cl\u00ednica infantil que funcionava no espa\u00e7o do Hospital J\u00falio de Matos. Jo\u00e3o dos Santos constata que [&hellip;]<\/p>\n","protected":false},"author":1,"featured_media":0,"parent":0,"menu_order":0,"comment_status":"closed","ping_status":"closed","template":"","meta":[],"_links":{"self":[{"href":"https:\/\/casadapraia.org\/index.php?rest_route=\/wp\/v2\/pages\/4846"}],"collection":[{"href":"https:\/\/casadapraia.org\/index.php?rest_route=\/wp\/v2\/pages"}],"about":[{"href":"https:\/\/casadapraia.org\/index.php?rest_route=\/wp\/v2\/types\/page"}],"author":[{"embeddable":true,"href":"https:\/\/casadapraia.org\/index.php?rest_route=\/wp\/v2\/users\/1"}],"replies":[{"embeddable":true,"href":"https:\/\/casadapraia.org\/index.php?rest_route=%2Fwp%2Fv2%2Fcomments&post=4846"}],"version-history":[{"count":29,"href":"https:\/\/casadapraia.org\/index.php?rest_route=\/wp\/v2\/pages\/4846\/revisions"}],"predecessor-version":[{"id":5754,"href":"https:\/\/casadapraia.org\/index.php?rest_route=\/wp\/v2\/pages\/4846\/revisions\/5754"}],"wp:attachment":[{"href":"https:\/\/casadapraia.org\/index.php?rest_route=%2Fwp%2Fv2%2Fmedia&parent=4846"}],"curies":[{"name":"wp","href":"https:\/\/api.w.org\/{rel}","templated":true}]}}