{"id":5103,"date":"2021-01-04T17:34:21","date_gmt":"2021-01-04T17:34:21","guid":{"rendered":"https:\/\/casadapraia.org\/?page_id=5103"},"modified":"2021-01-08T15:45:21","modified_gmt":"2021-01-08T15:45:21","slug":"ana-paula-ribeiro-8","status":"publish","type":"page","link":"https:\/\/casadapraia.org\/?page_id=5103","title":{"rendered":"Maria Jo\u00e3o Malho"},"content":{"rendered":"\t\t<div data-elementor-type=\"wp-post\" data-elementor-id=\"5103\" class=\"elementor elementor-5103\">\n\t\t\t\t\t\t<div class=\"elementor-inner\">\n\t\t\t\t<div class=\"elementor-section-wrap\">\n\t\t\t\t\t\t\t\t\t<section class=\"elementor-section elementor-top-section elementor-element elementor-element-451d7d9 elementor-section-boxed elementor-section-height-default elementor-section-height-default\" data-id=\"451d7d9\" data-element_type=\"section\">\n\t\t\t\t\t\t<div class=\"elementor-container elementor-column-gap-default\">\n\t\t\t\t\t\t\t<div class=\"elementor-row\">\n\t\t\t\t\t<div class=\"elementor-column elementor-col-100 elementor-top-column elementor-element elementor-element-c43a11d column-style-top column-top\" data-id=\"c43a11d\" data-element_type=\"column\">\n\t\t\t<div class=\"elementor-column-wrap elementor-element-populated\">\n\t\t\t\t\t\t\t<div class=\"elementor-widget-wrap\">\n\t\t\t\t\t\t<div class=\"elementor-element elementor-element-d3a804a elementor-widget elementor-widget-gva-heading-block\" data-id=\"d3a804a\" data-element_type=\"widget\" data-widget_type=\"gva-heading-block.default\">\n\t\t\t\t<div class=\"elementor-widget-container\">\n\t\t\t<div class=\"gva-element-gva-heading-block gva-element\">   <div class=\"align-center style-1 widget gsc-heading\">\r\n      <div class=\"content-inner\">\r\n                     <div class=\"heading-icon\"><img src=\"https:\/\/casadapraia.org\/wp-content\/plugins\/gavias-oxpitan-themer\/elementor\/assets\/images\/icon-heading.png\" alt=\"\u00d3rg\u00e3os Sociais \"\/><\/div>\r\n           \r\n                     <h2 class=\"title\">\r\n               <span>\u00d3rg\u00e3os Sociais <\/span>\r\n            <\/h2>\r\n                           \r\n               <\/div>\r\n   <\/div>\r\n   <div class=\"clearfix\"><\/div>\r\n<\/div>\t\t<\/div>\n\t\t\t\t<\/div>\n\t\t\t\t\t\t<\/div>\n\t\t\t\t\t<\/div>\n\t\t<\/div>\n\t\t\t\t\t\t\t\t<\/div>\n\t\t\t\t\t<\/div>\n\t\t<\/section>\n\t\t\t\t<section class=\"elementor-section elementor-top-section elementor-element elementor-element-c51512b elementor-section-boxed elementor-section-height-default elementor-section-height-default\" data-id=\"c51512b\" data-element_type=\"section\">\n\t\t\t\t\t\t<div class=\"elementor-container elementor-column-gap-default\">\n\t\t\t\t\t\t\t<div class=\"elementor-row\">\n\t\t\t\t\t<div class=\"elementor-column elementor-col-50 elementor-top-column elementor-element elementor-element-80652c1 column-style-top column-top\" data-id=\"80652c1\" data-element_type=\"column\">\n\t\t\t<div class=\"elementor-column-wrap elementor-element-populated\">\n\t\t\t\t\t\t\t<div class=\"elementor-widget-wrap\">\n\t\t\t\t\t\t<div class=\"elementor-element elementor-element-5656691 elementor-widget elementor-widget-image\" data-id=\"5656691\" data-element_type=\"widget\" data-widget_type=\"image.default\">\n\t\t\t\t<div class=\"elementor-widget-container\">\n\t\t\t\t\t\t\t\t<div class=\"elementor-image\">\n\t\t\t\t\t\t\t\t\t\t\t\t<img width=\"206\" height=\"260\" src=\"https:\/\/casadapraia.org\/wp-content\/uploads\/2021\/01\/Maria_JoA\u0303o_M.png\" class=\"attachment-large size-large\" alt=\"\" loading=\"lazy\" \/>\t\t\t\t\t\t\t\t\t\t\t\t\t\t<\/div>\n\t\t\t\t\t\t<\/div>\n\t\t\t\t<\/div>\n\t\t\t\t<div class=\"elementor-element elementor-element-65d69eb elementor-widget elementor-widget-gva-heading-block\" data-id=\"65d69eb\" data-element_type=\"widget\" data-widget_type=\"gva-heading-block.default\">\n\t\t\t\t<div class=\"elementor-widget-container\">\n\t\t\t<div class=\"gva-element-gva-heading-block gva-element\">   <div class=\"align-center style-1 widget gsc-heading\">\r\n      <div class=\"content-inner\">\r\n           \r\n                     <h2 class=\"title\">\r\n               <span>Maria Jo\u00e3o Malho<\/span>\r\n            <\/h2>\r\n                                       <div class=\"title-desc\">Presidente do Conselho Fiscal<\/div>\r\n         \r\n               <\/div>\r\n   <\/div>\r\n   <div class=\"clearfix\"><\/div>\r\n<\/div>\t\t<\/div>\n\t\t\t\t<\/div>\n\t\t\t\t\t\t<\/div>\n\t\t\t\t\t<\/div>\n\t\t<\/div>\n\t\t\t\t<div class=\"elementor-column elementor-col-50 elementor-top-column elementor-element elementor-element-198e3cd column-style-top column-top\" data-id=\"198e3cd\" data-element_type=\"column\">\n\t\t\t<div class=\"elementor-column-wrap elementor-element-populated\">\n\t\t\t\t\t\t\t<div class=\"elementor-widget-wrap\">\n\t\t\t\t\t\t<div class=\"elementor-element elementor-element-7ff108a elementor-widget elementor-widget-text-editor\" data-id=\"7ff108a\" data-element_type=\"widget\" data-widget_type=\"text-editor.default\">\n\t\t\t\t<div class=\"elementor-widget-container\">\n\t\t\t\t\t\t\t\t<div class=\"elementor-text-editor elementor-clearfix\">\n\t\t\t\t<p class=\"font_8\">Forma\u00e7\u00e3o acad\u00e9mica<\/p><p class=\"font_8\">Doutoranda em Estudos da Crian\u00e7a, \u00e1rea da Sociologia da Inf\u00e2ncia, Universidade do Minho;<\/p><p class=\"font_8\">3\u00ba Curso de Mestrado em Ecologia Humana e Problemas Sociais Contempor\u00e2neos, da Faculdade de Ci\u00eancias Sociais e Humanas da Universidade Nova de Lisboa, com a aprova\u00e7\u00e3o de Muito Bom por unanimidade. Disserta\u00e7\u00e3o \u201cA Crian\u00e7a e a Cidade &#8211; Independ\u00eancia de Mobilidade e Representa\u00e7\u00f5es sobre o Espa\u00e7o Urbano\u201d (2003);<\/p><p class=\"font_8\">Curso de Estudos Superiores Especializados em Sa\u00fade Mental Comunit\u00e1ria, pelo Instituto Superior de Psicologia Aplicada com a monografia de fim de curso \u201cCrian\u00e7a, Fam\u00edlia, Escola &#8211; Que rela\u00e7\u00e3o?\u201d (1994\/96);<\/p><p class=\"font_8\">Curso de Professores do 1\u00b0 Ciclo do Ensino B\u00e1sico pela Escola Superior de Educa\u00e7\u00e3o Jo\u00e3o de Deus (1992\/93);<\/p><p class=\"font_8\">Curso de Educadora de Inf\u00e2ncia pela Escola Jo\u00e3o de Deus (1977\/78).<\/p><p class=\"font_8\">Experi\u00eancia profissional (informa\u00e7\u00e3o sucinta)<\/p><p class=\"font_8\">Educadora de Inf\u00e2ncia (jardim de inf\u00e2ncia e creche);<\/p><p class=\"font_8\">Professora de 1\u00ba ciclo do ensino b\u00e1sico;<\/p><p class=\"font_8\">T\u00e9cnica de gabinete de estudos e planeamento (elabora\u00e7\u00e3o de normas de funcionamento e projetos de cria\u00e7\u00e3o de espa\u00e7os para crian\u00e7as);<\/p><p class=\"font_8\">T\u00e9cnica de educa\u00e7\u00e3o no Projeto das Crian\u00e7as de Rua (IAC \u2013 1989\/1994);<\/p><p class=\"font_8\">Coordenadora da atividade Ac\u00e7\u00f5es de Liga\u00e7\u00e3o \u00e0 Comunidade (IAC \u2013 1994\/2007);<\/p><p class=\"font_8\">Coordenadora pedag\u00f3gica de projeto de interven\u00e7\u00e3o comunit\u00e1ria em Lisboa, Freguesia da Ajuda (Ser Crian\u00e7a) (1994\/ 2001):<\/p><p class=\"font_8\">T\u00e9cnica na CPCJ-Lisboa Ocidental (Alargada e Restrita &#8211; 2001\/2006);<\/p><p class=\"font_8\">Coordenadora do trabalho de campo do projeto de investiga\u00e7\u00e3o An\u00e1lise dos N\u00edveis de Bem-Estar das Crian\u00e7as (IAC, ISEG, FMH e DREL &#8211; 2004\/07);<\/p><p class=\"font_8\">Assessoria t\u00e9cnica no TEIP (escola do 1\u00ba CEB, bairro da Boavista, Lisboa);<\/p><p class=\"font_8\">Representante do IAC no Conselho de Acompanhamento do Centro Internet Segura;<\/p><p class=\"font_8\">Representante do IAC no F\u00f3rum sobre os Direitos das Crian\u00e7as e dos Jovens, concurso de jornalismo \u201cOs Direitos da Crian\u00e7a em Not\u00edcia\u201d.<\/p>\t\t\t\t\t<\/div>\n\t\t\t\t\t\t<\/div>\n\t\t\t\t<\/div>\n\t\t\t\t\t\t<\/div>\n\t\t\t\t\t<\/div>\n\t\t<\/div>\n\t\t\t\t\t\t\t\t<\/div>\n\t\t\t\t\t<\/div>\n\t\t<\/section>\n\t\t\t\t\t\t\t\t\t<\/div>\n\t\t\t<\/div>\n\t\t\t\t\t<\/div>\n\t\t","protected":false},"excerpt":{"rendered":"<p>\u00d3rg\u00e3os Sociais Maria Jo\u00e3o Malho Presidente do Conselho Fiscal Forma\u00e7\u00e3o acad\u00e9mica Doutoranda em Estudos da Crian\u00e7a, \u00e1rea da Sociologia da Inf\u00e2ncia, Universidade do Minho; 3\u00ba Curso de Mestrado em Ecologia Humana e Problemas Sociais Contempor\u00e2neos, da Faculdade de Ci\u00eancias Sociais e Humanas da Universidade Nova de Lisboa, com a aprova\u00e7\u00e3o de Muito Bom por unanimidade. [&hellip;]<\/p>\n","protected":false},"author":1,"featured_media":0,"parent":0,"menu_order":0,"comment_status":"closed","ping_status":"closed","template":"","meta":[],"_links":{"self":[{"href":"https:\/\/casadapraia.org\/index.php?rest_route=\/wp\/v2\/pages\/5103"}],"collection":[{"href":"https:\/\/casadapraia.org\/index.php?rest_route=\/wp\/v2\/pages"}],"about":[{"href":"https:\/\/casadapraia.org\/index.php?rest_route=\/wp\/v2\/types\/page"}],"author":[{"embeddable":true,"href":"https:\/\/casadapraia.org\/index.php?rest_route=\/wp\/v2\/users\/1"}],"replies":[{"embeddable":true,"href":"https:\/\/casadapraia.org\/index.php?rest_route=%2Fwp%2Fv2%2Fcomments&post=5103"}],"version-history":[{"count":10,"href":"https:\/\/casadapraia.org\/index.php?rest_route=\/wp\/v2\/pages\/5103\/revisions"}],"predecessor-version":[{"id":5198,"href":"https:\/\/casadapraia.org\/index.php?rest_route=\/wp\/v2\/pages\/5103\/revisions\/5198"}],"wp:attachment":[{"href":"https:\/\/casadapraia.org\/index.php?rest_route=%2Fwp%2Fv2%2Fmedia&parent=5103"}],"curies":[{"name":"wp","href":"https:\/\/api.w.org\/{rel}","templated":true}]}}